1101110111011
What is 2250 (base 7) in base 10?
819
What is -651 (base 10) in base 14?
-347
What is -574 (base 14) in base 11?
-8a4
Convert -914 (base 15) to base 11.
-1599
What is -112021 (base 3) in base 12?
-281
Convert 3447 (base 11) to base 16.
11b0
What is -730 (base 8) in base 13?
-2a4
Convert 1575 (base 8) to base 15.
3e8
What is -2668 (base 9) in base 15?
-8db
Convert -20a (base 13) to base 2.
-101011100
Convert 1aa (base 16) to base 11.
358
What is -222002 (base 3) in base 8?
-1300
-45 (base 16) to base 3
-2120
-349 (base 11) to base 6
-1532
What is 4033 (base 6) in base 2?
1101110101
What is -2d0 (base 14) in base 2?
-1000111110
Convert 3440 (base 12) to base 16.
16b0
What is -100110001011 (base 2) in base 11?
-1921
Convert 91e9 (base 16) to base 13.
14004
Convert c64b (base 13) to base 4.
12230301
Convert -46a (base 14) to base 3.
-1012112
-12136 (base 7) to base 8
-6133
274 (base 16) to base 15
2bd
Convert 2b1a (base 13) to base 15.
1cd6
What is 1110012 (base 3) in base 7?
3041
What is -844 (base 9) in base 12?
-494
Convert -122011 (base 3) to base 9.
-564
What is -433 (base 10) in base 6?
-2001
-110021001 (base 3) to base 4
-2023222
What is -a88 (base 15) in base 9?
-3232
Convert -4001 (base 6) to base 13.
-517
100000010111011 (base 2) to base 7
66212
Convert -1222021111 (base 3) to base 16.
-97b7
What is 100 (base 4) in base 12?
14
What is -1665 (base 8) in base 2?
-1110110101
Convert -10531 (base 6) to base 4.
-113113
What is -614 (base 10) in base 4?
-21212
What is -1659 (base 11) in base 13?
-c72
Convert -1dda (base 15) to base 7.
-24652
What is 1c54 (base 16) in base 4?
1301110
What is 555 (base 10) in base 4?
20223
511 (base 11) to base 9
755
Convert 1655 (base 7) to base 6.
3045
2b4 (base 15) to base 16
26b
Convert -325 (base 9) to base 6.
-1122
Convert -2111 (base 5) to base 16.
-119
What is 110001101 (base 2) in base 9?
481
-1736 (base 15) to base 7
-20403
Convert 158a (base 12) to base 14.
d06
Convert 22121102 (base 4) to base 6.
525042
8632 (base 10) to base 2
10000110111000
Convert 8cb (base 16) to base 11.
1767
-11378 (base 12) to base 14
-8540
-2122220122 (base 3) to base 5
-3134144
Convert -10 (base 11) to base 6.
-15
Convert 712 (base 14) to base 5.
21023
Convert 464652 (base 7) to base 4.
110112021
1120 (base 8) to base 10
592
What is -4131 (base 5) in base 16?
-21d
Convert -a62 (base 12) to base 4.
-113222
-37d4 (base 14) to base 4
-2120332
10a19 (base 12) to base 10
22197
Convert -1122213 (base 4) to base 8.
-13247
What is -24553 (base 6) in base 10?
-3669
-5410 (base 14) to base 4
-3202312
What is 12740 (base 8) in base 7?
22220
-19071 (base 12) to base 5
-2130443
1011111001010111 (base 2) to base 6
1013331
510 (base 12) to base 2
1011011100
Convert 132233 (base 5) to base 16.
14c6
What is -162 (base 11) in base 12?
-139
-3240 (base 9) to base 5
-34020
What is -476 (base 13) in base 4?
-30011
Convert -1044 (base 7) to base 11.
-311
-502 (base 16) to base 3
-1202111
2361 (base 7) to base 2
1101101100
Convert 236 (base 12) to base 4.
11022
-1020102 (base 3) to base 12
-632
16d30 (base 15) to base 10
73845
What is -1010001011001 (base 2) in base 4?
-1101121
-2020222 (base 3) to base 4
-121232
180b (base 13) to base 6
24252
Convert 10772 (base 9) to base 8.
16031
What is 10712 (base 10) in base 12?
6248
-82a (base 11) to base 3
-1101001
50620 (base 10) to base 16
c5bc
Convert -b (base 12) to base 11.
-10
What is 160 (base 16) in base 13?
211
What is 160 (base 9) in base 13?
a5
What is 7ad (base 16) in base 13?
b82
Convert -315 (base 10) to base 15.
-160
Convert -3665 (base 15) to base 3.
-120212112
2aa (base 11) to base 12
262
Convert 4444 (base 10) to base 14.
1896
Convert 201 (base 3) to base 11.
18
What is -754 (base 8) in base 3?
-200020
Convert -299 (base 11) to base 10.
-350
-6317 (base 9) to base 12
-2821
What is -128 (base 16) in base 11?
-24a
3027 (base 8) to base 11
1198
What is 101100101 (base 2) in base 5?
2412
Convert 11212 (base 3) to base 9.
155
What is 4134 (base 6) in base 11?
769
What is -101113331 (base 4) in base 15?
-16145
202212 (base 4) to base 11
1733
-7504 (base 13) to base 16
-3f64
What is -15e (base 15) in base 12?
-222
-1215 (base 6) to base 16
-12b
What is -23ab9 (base 12) in base 9?
-73146
Convert 23123 (base 4) to base 3.
1000002
What is 11100 (base 3) in base 4?
1311
What is 11130 (base 4) in base 16?
15c
Convert 1924 (base 14) to base 7.
16144
Convert 4203400 (base 5) to base 3.
10111221220
Convert 17 (base 15) to base 8.
26
1300404 (base 5) to base 14
9212
Convert -3403022 (base 5) to base 7.
-336143
Convert -99b (base 14) to base 16.
-76d
Convert -111543 (base 6) to base 2.
-10010100010111
What is -4e8a (base 15) in base 2?
-100000110001100
Convert -70a (base 11) to base 2.
-1101011001
Convert -3d10 (base 15) to base 5.
-404230
What is -1101 (base 10) in base 5?
-13401
-255a (base 11) to base 2
-110100000100
What is 1500 (base 8) in base 7?
2266
Convert -112120 (base 3) to base 15.
-1b3
-951 (base 13) to base 16
-633
What is 5035 (base 7) in base 13?
a3c
-341 (base 12) to base 8
-741
1100000111 (base 2) to base 10
775
Convert -1025 (base 8) to base 16.
-215
333365 (base 7) to base 12
2a07b
Convert -35f (base 16) to base 9.
-1158
What is -8660 (base 12) in base 8?
-34650
What is -40041 (base 5) in base 9?
-3411
215a (base 11) to base 2
101100100000
2013423 (base 5) to base 12
1688b
Convert 30000 (base 6) to base 9.
5300
-1b45 (base 12) to base 14
-1325
What is 44 (base 12) in base 14?
3a
Convert -610 (base 9) to base 11.
-410
-1268 (base 10) to base 6
-5512
What is 10101 (base 2) in base 3?
210
What is 728 (base 9) in base 15?
298
What is dd7 (base 15) in base 6?
22251
Convert 909a (base 11) to base 4.
2330320
-342223 (base 5) to base 6
-132232
Convert -27331 (base 8) to base 13.
-55c7
-94e (base 16) to base 12
-1466
-27c (base 16) to base 10
-636
Convert -20b (base 14) to base 13.
-250
Convert -2889 (base 12) to base 6.
-33453
-354 (base 7) to base 16
-ba
Convert -100111010100 (base 2) to base 13.
-11b7
1204233 (base 5) to base 4
11132223
What is -731 (base 12) in base 5?
-13140
Convert -613 (base 8) to base 13.
-245
467d (base 15) to base 12
87b4
What is -3001 (base 13) in base 12?
-3994
What is -112 (base 11) in base 16?
-86
What is 1203100 (base 5) in base 10?
22275
879 (base 11) to base 16
41e
What is 202510 (base 6) in base 12?
9436
7a (base 16) to base 12
a2
What is -5fb (base 16) in base 10?
-1531
Convert -10322021 (base 4) to base 12.
-b775
Convert 53847 (base 10) to base 4.
31021113
-24631 (base 7) to base 6
-50014
Convert -1804 (base 14) to base 5.
-114231
-1330040 (base 5) to base 15
-7e80
Convert 2a2 (base 13) to base 9.
572
What is 2b3 (base 14) in base 4?
20211
-164616 (base 7) to base 11
-22792
What is d63 (base 14) in base 6?
20111
Convert 3311 (base 5) to base 2.
111001000
What is -1011101001101100 (base 2) in base 10?
-47724
What is -268 (base 13) in base 12?
-2b4
What is 11101000 (base 2) in base 16?
e8
What is -105bb (base 12) in base 9?
-32558
112210220 (base 3) to base 7
43323
What is -5035 (base 8) in base 9?
-3486
Convert 2311 (base 4) to base 14.
cd
4899 (base 16) to base 12
a909
What is -3101 (base 5) in base 16?
-191
Convert 1212 (base 11) to base 10.
1586
17635 (base 8) to base 4
1332131
Convert -102333 (base 5) to base 3.
-11202110
What is -2456 (base 7) in base 8?
-1633
Convert -570 (base 9) to base 16.
-1d4
What is -10000010010 (base 2) in base 15?
-497
What is 4870 (base 10) in base 2?
1001100000110
What is 1012 (base 3) in base 4?
200
Convert 417 (base 15) to base 11.
769
Convert -756 (base 11) to base 7.
-2435
What is -45502 (base 8) in base 6?
-225110
33343 (base 11) to base 5
3021301
Convert 27 (base 16) to base 8.
47
What is -970 (base 12) in base 6?
-10220
-220305 (base 6) to base 8
-43521
What is -2a9 (base 11) in base 15?
-191
-aa2 (base 13) to base 5
-24242
-a035 (base 12) to base 8
-41651
What is -6873 (base 13) in base 16?
-3924
Convert -21524 (base 6) to base 16.
-bbc
-1314 (base 7) to base 3
-200120
Convert 447 (base 13) to base 5.
10420
253 (base 6) to base 3
10220
Convert -301013 (base 5) to base 9.
-14034
Convert -10466 (base 7) to base 4.
-221111
What is -83534 (base 9) in base 6?
-1103051
What is 3ee (base 15) in base 14?
483